site number?
False
Is 1119178999 a prime number?
True
Is 212840083 a composite number?
False
Is 156988431877 prime?
False
Is 40191273961 a prime number?
True
Is 413070283 a prime number?
False
Is 3551910679 a composite number?
False
Is 29126650027 prime?
False
Is 34015009 composite?
True
Is 7180735183 prime?
True
Is 1033498363 prime?
True
Is 807984559 prime?
True
Is 3034688617 a prime number?
False
Is 1451108233 a composite number?
True
Is 813915461 prime?
False
Is 2563890737 a composite number?
False
Is 114075557 composite?
True
Is 38627062207 a composite number?
True
Is 4116064763 composite?
False
Is 20205472603 composite?
False
Is 107365881946 a composite number?
True
Is 3360028489 a prime number?
True
Is 339479359 a prime number?
True
Is 150072364357 prime?
True
Is 128645407 composite?
True
Is 17137781467 a prime number?
True
Is 4370287321 prime?
False
Is 1539690767 a prime number?
True
Is 16340064203 a composite number?
True
Is 128552371 composite?
False
Is 2791652411 composite?
True
Is 13770301133 a prime number?
False
Is 1273863767 a prime number?
False
Is 66258006733 composite?
True
Is 141804989 composite?
True
Is 21032773 a composite number?
False
Is 1135729681 a prime number?
True
Is 146339849 composite?
False
Is 840478685 a prime number?
False
Is 1331288117 a composite number?
False
Is 284984860177 prime?
True
Is 17001774787 a prime number?
False
Is 445087703 a prime number?
True
Is 26114332821 prime?
False
Is 3183982271 a prime number?
True
Is 851307689 prime?
False
Is 1310835193 a prime number?
True
Is 4340004793 composite?
False
Is 772293397 composite?
False
Is 100260299957 prime?
False
Is 1550319457 prime?
True
Is 58033693213 a prime number?
True
Is 140189521057 prime?
True
Is 1888807619 composite?
False
Is 27868927003 a composite number?
False
Is 56777036761 prime?
True
Is 4956599831 a composite number?
False
Is 38056423831 prime?
True
Is 4757559887 composite?
False
Is 247325999 a prime number?
True
Is 34211158481 a composite number?
True
Is 249724873 a prime number?
False
Is 108978501 a composite number?
True
Is 87589402183 composite?
False
Is 107559678757 composite?
False
Is 9887398877 composite?
True
Is 7902292141 a prime number?
True
Is 129210070597 a prime number?
True
Is 49805923 prime?
True
Is 7563709771 composite?
False
Is 62838533 composite?
False
Is 63185310961 prime?
True
Is 1134240805 a prime number?
False
Is 2421655741 prime?
True
Is 17379766823 a prime number?
False
Is 23562051811 a prime number?
True
Is 12546410161 a composite number?
True
Is 88187111 composite?
False
Is 337342193 a composite number?
True
Is 1474255693 composite?
False
Is 3396036053 composite?
True
Is 46299876773 a composite number?
True
Is 237318439 composite?
True
Is 6426682491 prime?
False
Is 42476011 composite?
True
Is 300616707 a prime number?
False
Is 8331050257 prime?
True
Is 299897803 a composite number?
False
Is 166261587769 prime?
True
Is 4631381087 a composite number?
True
Is 54136708429 a composite number?
False
Is 77929123 prime?
True
Is 104824452391 a composite number?
False
Is 314030011 a prime number?
False
Is 2802475903 a composite number?
True
Is 2139361199 a composite number?
False
Is 193035656959 a prime number?
True
Is 45602106241 composite?
False
Is 36135628517 a composite number?
False
Is 706709018 prime?
False
Is 691331881 prime?
True
Is 200107657 prime?
True
Is 335780773 a composite number?
False
Is 2513357737 a prime number?
False
Is 1139770811 a prime number?
False
Is 40142537 a prime number?
False
Is 703624721 a composite number?
True
Is 83655215909 a prime number?
True
Is 18906013991 a composite number?
False
Is 1413650401 composite?
True
Is 1018148029 a composite number?
False
Is 2637966277 prime?
False
Is 960831379 a composite number?
False
Is 9811032317 prime?
True
Is 4669976671 a prime number?
True
Is 37793298743 composite?
False
Is 1578162451 a prime number?
False
Is 38713478623 a prime number?
True
Is 1487820713 a prime number?
False
Is 7091730281 a prime number?
True
Is 83541263237 a composite number?
False
Is 59116757 a composite number?
True
Is 1853318917 a prime number?
False
Is 438081881 composite?
True
Is 34896250823 a prime number?
False
Is 1707866077 composite?
True
Is 81694189151 a composite number?
True
Is 29258357771 a composite number?
True
Is 8867910193 a composite number?
False
Is 2127827417 prime?
True
Is 1463448919 a prime number?
True
Is 56626900733 composite?
True
Is 34880813689 composite?
False
Is 21387967 prime?
False
Is 9247534519 composite?
True
Is 15841339477 prime?
False
Is 26757868367 prime?
False
Is 29963215637 a prime number?
False
Is 276900443 a composite number?
False
Is 1774426574 composite?
True
Is 17828062079 prime?
True
Is 15866039341 composite?
True
Is 360414007 a prime number?
True
Is 70855480117 a composite number?
True
Is 32914613 a composite number?
False
Is 34531404101 composite?
False
Is 973353613 a composite number?
True
Is 1510503037 a composite number?
False
Is 4441473761 a prime number?
False
Is 27421436099 a prime number?
True
Is 171803204795 prime?
False
Is 6460493551 a prime number?
False
Is 5635222843 composite?
False
Is 4352316589 composite?
True
Is 329377303 a composite number?
False
Is 6894686947 a composite number?
False
Is 3018265817 a prime number?
False
Is 7133391253 composite?
False
Is 41031634229 prime?
False
Is 48368431 prime?
True
Is 2405870279 prime?
True
Is 63891159271 composite?
False
Is 1586479589 composite?
True
Is 1459991129 a composite number?
False
Is 53090714822 a prime number?
False
Is 6832789187 prime?
False
Is 2471042047 a composite number?
False
Is 2626828891 a composite number?
False
Is 3329810899 a composite number?
False
Is 58402599631 a composite number?
False
Is 172997274343 a prime number?
False
Is 70698244807 a prime number?
False
Is 50789026619 prime?
True
Is 12498387563 prime?
False
Is 405301487 a composite number?
False
Is 117555757 composite?
True
Is 36792984347 a composite number?
True
Is 824642362 composite?
True
Is 58250470637 prime?
True
Is 650893037 prime?
True
Is 1252400495 a prime number?
False
Is 6933144957 a prime number?
False
Is 533272767 composite?
True
Is 590650427 composite?
False
Is 1346248681 composite?
False
Is 169041570767 composite?
False
Is 386708759 a prime number?
False
Is 4020371962 a composite number?
True
Is 2480572541 a prime number?
True
Is 94476850547 prime?
False
Is 15866423641 a prime number?
False
Is 10581542009 a prime number?
False
Is 772357331 composite?
False
Is 8109139034 composite?
True
Is 162911856557 composite?
False
Is 2007707437 composite?
False
Is 17905805899 a prime number?
False
Is 9942211943 composite?
False
Is 14354627347 a composite number?
True
Is 859073749 prime?
True
Is 1561483373 composite?
True
Is 22806552689 a composite number?
True
Is 5517209647 a prime number?
True
Is 19575948433 a composite number?
False
Is 57935502403 a composite number?
False
Is 78740801089 a composite number?
False
Is 2108157937 a composite number?
True
Is 37553452207 a composite number?
False
Is 23854849 prime?
False
Is 187737151 a prime number?
False
Is 133027757 composite?
False
Is 6255475931 a composite number?
False
Is 24837610337 composite?
False
Is 1999135583 composite?
True
Is 430330777 composite?
True
Is 44926870799 a prime number?
True
Is 291235611679 a composite number?
False
Is 811162381 a prime number?
True
Is 7498389503 prime?
False
Is 2373316723 composite?
True
Is 130432021 a composite number?
True
Is 7465170803 a composite number?
False
Is 510602821535 a composite number?
True
Is 990279137 prime?
False
Is 185971873 prime?
True
Is 109710100147 a composite number?
False
Is 19388484461 a prime number?
True
Is 1497017461 a composite number?
True
Is 457294751 composite?
True
Is 26324460937 a prime number?
True
Is 27947606077 composite?
True
Is 1552909973 a prime number?
False
Is 1843472347 composite?
True
Is 2622554905 a prime number?
False
Is 14512321021 a composite number?
True
Is 92279571695 a composite number?
True
Is 798093181 a prime number?
True
Is 4415540091 composite?
True
Is 12407548759 a prime number?
True
Is 31249758091 composite?
False
Is 146350595 a prime number?
False
Is 2328421 prime?
True
Is 2117121169 composite?
False
Is 254104540469 a prime number?
False
Is 8755009 a prim